). Let f = 22 + -13. Suppose -f*m + 40 = -5*m. What is the greatest common factor of m and i?
10
Let z be (-21)/5*(-560)/16. What is the greatest common divisor of z and 168?
21
Suppose -3*w = -3*z - 0*w + 126, -5*w = 0. What is the highest common divisor of z and 18?
6
Suppose -2*z = 5*r + 2*z - 166, -r = 3*z - 42. Let c(h) = -2*h**3 - h**2 + 2*h - 5. Let s be c(-5). Calculate the greatest common factor of s and r.
30
Suppose 0 = 21*f - 10*f - 176. What is the greatest common factor of 16 and f?
16
Let u(f) = f**2 + 9*f - 18. Let n be u(5). What is the highest common divisor of n and 182?
26
Let p(j) = -22*j - 295. Let d be p(-13). Let w = -22 - -16. Let x be (d/4)/(w/16). Calculate the greatest common factor of 30 and x.
6
Let r = 990 - 785. Calculate the highest common factor of 164 and r.
41
Suppose 1 = -h - 0*h, 2*w - 4*h - 38 = 0. Let y(g) = -2*g + 172. Let i be y(69). What is the highest common divisor of i and w?
17
Let c = 9 - -7. Suppose 0 = n - c - 112. Calculate the highest common factor of n and 16.
16
Suppose 4*t + 4*j - 1364 = 0, -2*t - t + 2*j = -1043. Calculate the highest common divisor of t and 46.
23
Suppose -q + 19 = -4*t - 42, 2*q - t - 101 = 0. What is the greatest common divisor of q and 2?
1
Suppose 4*y = 3*l + 78 + 11, -10 = -2*l. Let n be -16 + 21 + (-8)/2. Let o be (-5725)/(-20) + n/(-4). Calculate the highest common divisor of y and o.
26
Suppose 7*y - 1876 = 2191. Let w be 2/(-3) - 1/((-21)/y). Calculate the highest common divisor of w and 9.
9
Suppose -19 = -10*n + 21. Suppose -6*v = -3*v - n*h - 34, -2*v + 46 = 2*h. What is the highest common divisor of v and 9?
9
Let q(h) = 49*h**3 + 17*h**2 - 18*h. Let b be q(1). Calculate the greatest common factor of 112 and b.
16
Suppose -2 - 6 = -2*i. Suppose -i*r + 30 = -4*n + n, 22 = 2*r - 5*n. Let j be 3/r*6 - -6. What is the highest common factor of 18 and j?
9
Let m be -279*((-14)/(-2))/(-21). What is the highest common factor of 124 and m?
31
Suppose 0 = 2*j - 0*j - 320. Suppose s = -s + j. What is the greatest common divisor of s and 10?
10
Let t be ((-7)/(-5))/((-3192)/(-245) + -13). What is the greatest common factor of t and 7?
7
Let f(u) = -22*u - 2. Suppose i + 1 = d, -2*d - 2*i + 4 = -7*d. Let a be f(d). Suppose -o - 24 = -5*o. Calculate the highest common divisor of a and o.
6
Let p(m) = -m - 15. Let x(h) = -2*h - 31. Let k(l) = -5*p(l) + 2*x(l). Let y be k(0). Calculate the highest common divisor of 13 and y.
13
Suppose 12*v - 15*v + 48 = 3*d, -v + 1 = 0. Let w be ((-3)/2 - -2)*0. Suppose -4*t + 24 + 0 = w. Calculate the highest common divisor of t and d.
3
Suppose -z = -1 - 7. Suppose 0 = -m + 5*t - 21, 3*m - 2*t - 2*t + z = 0. Let b = 60 - m. Calculate the highest common divisor of b and 14.
14
Suppose 5*g + 4*m - 148 - 1097 = 0, -1220 = -5*g + m. Calculate the greatest common divisor of g and 70.
35
Let g = -848 + 928. What is the highest common divisor of 100 and g?
20
Let v = 146 - -23. Calculate the highest common factor of v and 39.
13
Suppose 6*p - p - 15 = 0. Let z(x) = -x**p - x**3 + 5*x + x + 6*x**2 + x**3 - 8. Let d be z(6). Calculate the highest common factor of d and 14.
14
Let v = 11 - 3. Suppose 23 = 3*u + v. Suppose -q = 0, i - u*q + 3*q - 14 = 0. What is the highest common factor of 2 and i?
2
Let s = -11448 - -11484. Suppose 3*g - 3*m + 18 - 231 = 0, -145 = -2*g - m. Calculate the greatest common divisor of s and g.
36
Suppose 229*r - 3418 = 246. Let m be 1340/6 - 2/(-3). What is the greatest common factor of m and r?
16
Suppose 0 = 4*n - 14 + 2. Suppose -n*w + 2*w + 17 = 0. Suppose 5*l - 80 = -5*h, -59 = -4*h - l + w. What is the greatest common divisor of 5 and h?
5
Let m(b) = b**2 - 16*b + 153. Let f be m(32). What is the greatest common divisor of f and 35?
35
Let a = 813 + -592. Calculate the greatest common divisor of 39 and a.
13
Let x be 2/7 - 54/(-7). Suppose 0 = -2*y - x, -a = 3*y - 27 - 49. Calculate the greatest common divisor of a and 22.
22
Let h = -12 + 18. Let c = -5 + 8. Suppose x + 2*g - 62 = 0, 62 = 3*x + c*g - 112. Calculate the greatest common factor of h and x.
6
Suppose -4*h - 12 = 4*g, -3*g - g - 19 = -3*h. Let p be (23*1)/(((-12)/27)/g). Calculate the greatest common divisor of 23 and p.
23
Suppose 8 = -3*r + 20. Suppose s - r*k - 81 = 19, -s - 4*k + 60 = 0. Calculate the greatest common divisor of 16 and s.
16
Let m = 24 - 11. Let z = m + 35. Suppose 6*f - z = 2*f. Calculate the highest common factor of f and 96.
12
Let s(p) be the third derivative of p**5/60 + 17*p**4/24 + 5*p**3 + 3*p**2 - 4*p. Let d be s(-18). Calculate the highest common divisor of d and 6.
6
Suppose v - 346 = -2*v + 2*m, 4*m = v - 132. Calculate the highest common factor of v and 12.
4
Let n be ((-1224)/(-16))/(2/4). Calculate the highest common divisor of 34 and n.
17
Let l be ((-4)/3)/(2/3). Let u be 5/(-10)*44/l. Calculate the greatest common factor of u and 99.
11
Suppose -j + 3*j + 73 = 3*f, 3*j + 57 = 2*f. Calculate the highest common factor of f and 84.
21
Let l be 2/8 - 5/(60/(-33)). Suppose -5*o + 4*g = -52, 36 = 5*o - l*g - 13. What is the highest common factor of o and 8?
8
Let i(g) = g**3 - 2*g**2 - 4*g - 2. Let x be i(4). Suppose s - 3*m = -18 + 55, 0 = 3*m + 12. Let p = -23 + s. What is the highest common factor of p and x?
2
Let g be (27/45)/(2/10). Suppose y = g - 2. Let a be (-4)/(0 + y/(-12)). What is the greatest common divisor of 6 and a?
6
Let x = -8 + 13. Suppose x*n - 2*w = 13, -3*w + 2*w - 5 = -2*n. Calculate the highest common divisor of 1 and n.
1
Let v = 8 + -27. Suppose 3*f = -6*a + a + 4, -a + 8 = 3*f. Let i be (a + v)*(-9)/18. Calculate the greatest common divisor of i and 5.
5
Suppose 325 + 130 = 13*c. Suppose 3*p = 4 + 2. Suppose p*k + 35 = 5*q, -q - 4*k = -2*q + 7. Calculate the greatest common divisor of c and q.
7
Let h = 5 - 5. Suppose -3*r + 4*r - 36 = h. Suppose r + 114 = 5*n. Calculate the greatest common divisor of n and 6.
6
Let d be ((-208)/(-65))/(-1 - (-7)/5). Suppose 0 = -2*f + d, -y = -0*y + f - 28. What is the greatest common divisor of 3 and y?
3
Let i(u) = -13*u - 54. Let h be i(-7). Suppose 3*m - 10 = 83. Let j = h - m. Calculate the greatest common divisor of 30 and j.
6
Let j(r) = -17*r - 231. Let f be j(-19). Let z be (2/(-3) + 0)*-6. What is the highest common divisor of f and z?
4
Let n be (-148)/(-222) - (-46)/3. Calculate the highest common factor of n and 92.
4
Suppose 5*p - 2*r = 53, 5*p + 5*r - 52 = 8*r. What is the highest common divisor of 11 and p?
11
Let f(y) = 2*y**2 + 55*y + 33. Let n be f(-27). What is the greatest common divisor of n and 393?
3
Suppose -c + 5*a = 0, -a - 1 = -0. Let k(s) = s + 7. Let f be k(c). Suppose -5*x = -3*x - f. What is the highest common factor of x and 3?
1
Suppose 3*g = 4*f - 175, 13*f - 11*f + 3*g - 65 = 0. Calculate the greatest common divisor of 50 and f.
10
Let c = -3 + 17. Suppose -3*r + c = -19. Let b(m) = m**3 + 6*m**2 - 14*m - 40. Let s be b(-6). Calculate the highest common divisor of s and r.
11
Let s = 2 - 8. Let q be (-279)/s*(-6)/(-9). Let o be ((-1310)/(-15) - -5) + (-4)/(-6). Calculate the greatest common factor of q and o.
31
Let p = -1028 - -1370. Calculate the highest common divisor of 266 and p.
38
Suppose -5*d - 3*q = -129 - 186, 5*d + q = 305. What is the greatest common divisor of d and 480?
60
Let u be ((-21)/7)/(2 - 1) + 138. What is the greatest common factor of u and 15?
15
Let r(f) = -f**3 - 3*f**2 + 2*f - 3. Let l be r(-4). Suppose -72 - 18 = -5*q - 2*a, a + l = 0. Calculate the highest common factor of q and 30.
10
Let o(b) = b**2 + 5*b + 6. Let x be o(-7). Let y(f) = -f**2 - 7*f + 6. Let m be y(-5). Suppose 0*r - 4*r = -m. Calculate the greatest common factor of r and x.
4
Let z = 73 - 44. Suppose -5*q = -7*q + 10. Suppose -20 = -q*v, i + 4*v + 680 = 4*i. What is the highest common divisor of i and z?
29
Let t = -8 + 3. Let v be (0 - -1)/(t/(-35)). Suppose -a + v = -10. What is the greatest common factor of a and 17?
17
Let a(x) = x - 6. Let g be a(14). Let k(w) = -w + 11. Let b be k(g). What is the greatest common divisor of 12 and b?
3
Suppose 0*i = 4*y - 2*i - 802, 3*y - i - 599 = 0. What is the highest common factor of y and 330?
66
Let y(g) = g**3 - 2*g**2 - 4*g + 3. Let h be y(3). Let j be (2*-1 + 4)*-4. Let 